**3 - 2*k**2 + 2*k - 1. Calculate r(v).
-8
Suppose 0 = -15*u + 18*u - 4*m - 52, 49 = 3*u - m. Suppose -54 = u*o - 6. Let q(s) = -2*s**2 + 7. Calculate q(o).
-11
Let i(k) be the first derivative of k**5/60 + k**4/2 - 5*k**3/2 - 5*k**2 - 6*k + 149. Let q(g) be the second derivative of i(g). Determine q(-12).
-15
Let l(p) = p**3 + 2*p**2 - 8. Suppose 48*q + 11*q + 285 = -36*q. Calculate l(q).
-17
Let u(d) = -d**2 - 6*d + 7. Suppose -13 = 3*v - 5*j, -3*j - 3 - 2 = -5*v. Let g(s) = s**3 - 3*s**2 - 5*s - 1. Let m be g(v). What is u(m)?
12
Suppose 4*q = 2*n + 2619 - 559, -5*n + 10 = 0. Let x(h) = q*h - 171*h + 2*h**2 - 172*h - 171*h. Calculate x(-3).
12
Let k(l) be the third derivative of -17*l**4/6 + 5*l**3/2 - 1070*l**2. What is k(1)?
-53
Let y(f) = -3*f + 7. Let p(u) = -u**2 + 14*u - 51. Let t be p(7). Let x be (1/t)/(3/36). Let j(n) = n**2 + 6*n + 5. Let z be j(x). Calculate y(z).
-8
Let r(f) = -40*f**2 - 5*f - 23. Let w(h) = 17*h**2 + 2*h + 11. Let m(t) = -3*r(t) - 7*w(t). What is m(0)?
-8
Let k(x) be the third derivative of -x**4/24 + 17*x**3/6 + x**2. Let p(l) = 138*l + 6084. Let t be p(-44). Determine k(t).
5
Let z be (-9)/(-6) - 0 - 3/2. Let d(p) = 18*p**2 - 3 - 6*p**2 - 13*p**2 + p. What is d(z)?
-3
Let c(x) = x - 5. Suppose 14 = 2*s + 4*o, 4*s + o = s + 16. Suppose 0 = -2*v + s + 3. Calculate c(v).
-1
Let m(n) = 50*n + n**2 - 139*n + 18 + 49*n - 5 + 48*n. What is m(-6)?
1
Suppose 4*d = 2*b + 158, 22 = -4*d + 5*d - 4*b. Let u be 2/((-4)/(d/(2 + -5))). Let m(a) = -u*a - 9*a - 13*a + 4 + 26*a. Determine m(6).
-14
Let h(m) = 4001*m**3 + 342 - 289 + 5*m + 10*m**2 - 4000*m**3. What is h(-10)?
3
Let s(y) = y**2 + 0*y**2 - 2 - 138*y + 136*y. Let b(j) = -j**2 + 3*j + 2. Let z(i) = 4*b(i) + 5*s(i). Determine z(3).
13
Let z(k) be the first derivative of -2*k**3/3 + 13*k**2 - 13*k + 3. Let p be z(10). Let h(r) = -7*r + 93 - 45 - p. Calculate h(-1).
8
Let u(w) = 0 - 8 + 2*w + 0*w + 5 + 0*w. Let g(c) = c - 3. Let q be g(2). Let x = q - -6. Give u(x).
7
Let g(q) be the first derivative of -2*q**3/3 + 31*q**2/2 - 20*q - 1085. What is g(15)?
-5
Let h(k) = k**3 - 10*k**2 + 9*k - 4. Let u be h(9). Let a(n) = -230*n**2 + 38*n - 12. Let v(t) = 17*t**2 - 3*t + 1. Let x(j) = 2*a(j) + 27*v(j). Calculate x(u).
7
Suppose 14*k - 13*k + 5*c = 5, 3*k - 4*c = 15. Let f(w) = -5 - 2 - 12*w + w**2 - 8*w + 14*w. Determine f(k).
-12
Let o(y) = -38619*y**2 + 27 - y**3 + 19330*y**2 + 19307*y**2. Give o(18).
27
Let c(l) = -41*l**3 + l. Suppose 5*k + 85*k + 6 = 96. What is c(k)?
-40
Let n(q) = -q**2 - 11*q - 2. Suppose -120*r + 117*r = 0. Suppose 0 = o + 3*w + 1, 5*o - 3*w + 7 + 34 = r. Calculate n(o).
26
Let u = 12948 + -12954. Let d(t) be the second derivative of -t**4/12 - t**3/3 - 3*t**2/2 - t. Calculate d(u).
-27
Let t(l) = 71*l - 9. Let k(a) = -57*a + 9. Let b(j) = 5*k(j) + 4*t(j). Let p be 6 + 0 - 0/(-4). Calculate b(p).
3
Let y be (-42)/(-9)*(-2 + -1 + (-93)/(-62)). Let z(b) = b + 9. Let f(u) = -u - 9. Let x(t) = 4*f(t) + 3*z(t). Calculate x(y).
-2
Let y(q) be the first derivative of -7*q + 10/3*q**3 + 6*q**2 - 158 - 1/4*q**4. Calculate y(11).
4
Let a(v) = -v**3 - 6*v**2 - 3*v + 3. Let x(p) = 10*p. Suppose 34*b - 38*b = 0. Let f be x(b). Let o be (5 - f/(-1))*(-3 - -2). What is a(o)?
-7
Let k(m) = m**3 + 6*m**2 - 16*m - 93. Let b be k(-6). Let w(g) be the first derivative of 1/3*g**b - 5*g + 0*g**2 - 16. Give w(0).
-5
Let q(c) = -c**3 - 7*c**2 - 5*c - 3. Let l(j) = -j + 2. Let o(z) = z - 2. Let d(b) = 5*l(b) + 4*o(b). Let x(f) = -3*d(f) + q(f). Determine x(-7).
5
Suppose 0 = o + 3*n + 17, 4*n = 4*o + 5*n + 35. Let h(t) = 479*t - 948*t + 460*t + 11 - t**2. What is h(o)?
19
Let n(l) = -3*l - 2. Let b(k) = 8*k + 184. Let j be b(-23). Suppose j = -56*i + 55*i - 4. Calculate n(i).
10
Let h(o) = -o**3 + 10*o**2 - 15*o + 14. Let a = -2615 + 2624. Give h(a).
-40
Let q(v) = 2*v**2 - 6 - 6*v**2 + 0 + 5*v**2 + 7*v**2. Let m(j) = 13*j**2 - 10. Let c(o) = -5*m(o) + 8*q(o). Give c(0).
2
Let i(f) = 22*f**2 - f - 85. Let a(v) = -5*v**2 + v + 21. Let u(q) = -9*a(q) - 2*i(q). Let p be u(10). Let b(k) = -2*k + 20. Give b(p).
-2
Let z(j) = -31*j**2 - j. Suppose -12 = 769*c - 763*c. Give z(c).
-122
Let q(h) = h**3 + 7*h**2 + 6*h + 12. Suppose 18*p - 647 = -755. Determine q(p).
12
Let x(p) = -19*p + 12. Let r(t) = 8*t - 6. Let b(y) = -5*r(y) - 2*x(y). Let a = -8 - -11. Suppose -a*v = -v + 2, -7 = -f + 2*v. Determine b(f).
-4
Let h(w) = -3*w - 26. Suppose -4*k = -24, 0 = -2*m - 2*k + 122 - 110. Give h(m).
-26
Let s(y) = -5*y + 195. Let x be s(38). Let h(z) = -4*z**2 + x*z**2 - 2*z**2 + 2*z**2 + 1 - 6*z. Calculate h(5).
-4
Let t(r) = -2*r**3 - r**2 - 1. Let y(z) = -9*z**3 - 12*z**2 - 5*z + 13. Let l(o) = 4*t(o) - y(o). Determine l(-7).
-3
Let k(m) = -10*m + 3. Let q(j) = 21*j - 6. Let l(r) = 9*k(r) + 4*q(r). Let f = -425 - -430. Calculate l(f).
-27
Let c(x) be the third derivative of 13*x**4/24 - 91*x**3/6 - 10*x**2 - 64*x + 2. What is c(9)?
26
Let g(u) = -18*u - 198. Let p be (42/(-7) + -16)/2. Let k be g(p). Let n(z) = -z + 14. Determine n(k).
14
Let h(q) be the third derivative of -5/6*q**3 - 164*q**2 + 1/10*q**5 - 1/120*q**6 + 0*q + 1/12*q**4 + 0. What is h(6)?
7
Let u(k) = k. Let c(f) = 7*f + 30. Let a be c(-4). Suppose -2 = -7*m - a. Suppose m = -45*h + 38*h + 7. What is u(h)?
1
Let b be -3 + 1 - (0 - 0). Let t(y) = -2 + 6531*y + 6534*y - 13063*y. What is t(b)?
-6
Let m(v) be the second derivative of -v**3/6 - 7*v**2 + 7*v. Let p = 8462 - 8479. Calculate m(p).
3
Let t(b) = -33*b + 30. Let d(m) = -m + 44. Let l be d(43). Let u be t(l). Let k(j) = -j**3 - 2*j**2 + 4*j + 4. What is k(u)?
1
Let v be -2 + 6 + (5 - 5) + -27. Let i(l) be the third derivative of -l**4/24 - 9*l**3/2 + 3*l**2. Let o be i(v). Let f(n) = -n**2 - 5*n + 2. Give f(o).
6
Let g be 80/26 - 28/364. Let l(r) = 9*r**3 - 4*r**2 - 8*r + 7. Let u = 3 + -6. Let s(t) = 4*t**3 - 2*t**2 - 4*t + 3. Let n(p) = u*l(p) + 7*s(p). Determine n(g).
-3
Let c = -4832 - -4828. Let n(m) = -m**3 - 3*m**2 - 4*m - 7. Determine n(c).
25
Let z(d) be the third derivative of -d**5/60 - d**4/4 - 17*d**3/6 + 2*d**2 - 367*d. What is z(-10)?
-57
Let o(c) be the first derivative of 3*c**2 - 226*c + 7139. Calculate o(36).
-10
Let l(u) = -u**2 - 4*u + 10. Let s(j) = 30*j + 2*j**2 + 0*j**2 - 2*j**2 - 30 - 3*j**2 - 3*j**2. Let f be s(1). What is l(f)?
-2
Let l(d) = -2*d**2 - 3*d - 1. Let c be l(-2). Let s = -223 + 226. Let j(b) = -b**s + 2 - 2*b + 4 - 3*b**2 - 5 - 2 + 0. What is j(c)?
5
Suppose 5*z - 4*j = -433, 2*j + 0*j - 4 = 0. Let t = z + 86. Let l(w) = -5*w. Calculate l(t).
-5
Let f(q) be the first derivative of q**7/840 - q**6/45 - q**5/15 - 3*q**4/8 + 4*q**3/3 - 4*q - 125. Let d(o) be the third derivative of f(o). What is d(9)?
0
Let m(q) = -3*q**3 + 2*q**2 + 4*q + 2. Suppose -9 = 3*v + f, -2*f + 28 = -4*v + 2*f. Let b be v - (19/(-9) + (-11)/(-99)). What is m(b)?
26
Let i(f) = 9*f**2 - 9*f - 110. Let s(w) = 5*w**2 - 5*w - 60. Let r(c) = -6*i(c) + 11*s(c). Give r(-2).
6
Let c(q) = q**3 - 4*q**2 + 4*q - 4. Let n = 36 - 42. Let i be 1/2*(n - -12). Calculate c(i).
-1
Let p(o) be the third derivative of 1/3*o**3 - 5/24*o**4 - 1/60*o**5 + 0*o - 13*o**2 - 1. What is p(-4)?
6
Let z be 52/14 - (-2)/7. Suppose 0 = -84*u + 69*u + 150. Suppose -q + 5*h = -2*q - u, q + 1 = z*h. Let w(l) = l**3 + 5*l**2 - l - 1. Calculate w(q).
4
Let y(j) = 5*j + 28 + 4*j - 20*j + 17*j. Give y(-11).
-38
Let w(c) = -c**2 + 9 - 4*c**2 - 15*c - c**3 - 9*c**2 + 23*c**2. Let y be w(7). Suppose 20 = -3*g + y. Let u(x) = -x + 2. Determine u(g).
8
Suppose 4*x + 5*s = -95, 3*x - 2*s = 2*s - 79. Let c be 9/((-90)/x) - 34/4. Let g(u) = 0 + 0 - 4 - 5 - 2*u. Determine g(c).
3
Suppose -31 + 28 = -i. Suppose 4*s + 20 = 0, -20 = -i*l + 3*s - 5. Let y(z) be the first derivative of z**2/2 - 15*z + 3. Determine y(l).
-15
Let p = -343 - -359. Let n(f) = 2*f - 11 + 34 - 15 - 14 - p. What is n(9)?
-4
Let m(s) = 456*s - 148*s - 2*s**2 - 163*s + 13 - 156*s. What is m(-9)?
-50
Let p = -4 - -7. Suppose j - 2*j = 2*i, -11 = -p*i + 4*j. Let h(l) = 3*l + 0*l + 0 - 5*l + i. Calculate h(-3).
7
Let f(w) = w**3 - 3*w**2 - 53*w - 3. Let h be f(9). Let m be 3 + 0 - 2/(-2). Let t(v) = 2*v - v**2 + 4 + 2*v + m*v. Give t(h).
16
Let k(l) = l**2 - 7*l + 2. Let m be ((-160)/(-64))/(2*(-10)/(-16)). Suppose 0 = 4*b - 4